1. Let j be (12/(-20))/3 - p/10. Calculate the highest common factor of j and 95.
19
Let x(v) = 2*v + 4. Let s be x(4). Suppose -1633 = d - p + 2071, 0 = -2*p. Let q be d/(-28) + (-6)/21. Calculate the highest common divisor of q and s.
12
Let c(h) = -h**3 - 2*h**2 - 2*h. Let o be c(-3). Suppose f - o = -0*f. What is the greatest common divisor of 3 and f?
3
Let o be 5*(4 + 1 + 12 + -5). What is the highest common divisor of 120 and o?
60
Let v(q) = -36*q - 152. Let z be v(-12). Calculate the greatest common factor of z and 35.
35
Let i(t) = 16 + 3*t + 35 - 4*t - 2. Let r be i(0). Calculate the greatest common factor of r and 7.
7
Let o(d) = -d**3 + 7*d**2 - 7*d + 9. Let r be o(6). Suppose -5*w = r*x - 495, x - w - 164 = -3*w. What is the highest common divisor of 68 and x?
34
Let s(i) = -i**3 - 4*i**2 + 6*i + 9. Let x be s(-6). Let n be (-3)/(-2)*21/(-63)*-10. What is the highest common factor of x and n?
5
Suppose 5*w - n = -0*n + 83, -3*n = 3*w - 39. What is the highest common divisor of 200 and w?
8
Suppose -3*r = 5*b + 15, 5*r = 2*b + 4*r - 5. Suppose b*z + 114 = 6*z. What is the highest common factor of 19 and z?
19
Let a be (-6 + 2 + 4)*-1. Suppose -f - 3*t = -4*f + 258, a = f + t - 94. Calculate the highest common divisor of 10 and f.
10
Suppose -j - 3*c + 16 = 3*j, 2*c - 10 = -2*j. Suppose 0 = -4*d + 3*u + 16, -d - d = 4*u - 30. Let g = d + -6. Calculate the greatest common factor of j and g.
1
Let u(s) = 19*s - 13. Let q = -38 - -45. Let t be u(q). What is the highest common factor of t and 15?
15
Suppose 8*z - 4104 = -16*z. Calculate the highest common factor of z and 18.
9
Let c(x) = -2*x**2 + 17*x - 8. Let k be c(4). What is the highest common divisor of 42 and k?
14
Suppose 12*v + 127 = d + 8*v, 0 = -3*d + 3*v + 399. What is the highest common factor of d and 54?
27
Let l(n) = -2*n + 10. Let h be l(2). Calculate the greatest common factor of 30 and h.
6
Let k = -233 - -247. Suppose 3*f = 4*f, 5*f - 7 = -p. Calculate the greatest common factor of k and p.
7
Let i(t) = t + 4. Let l be i(17). Calculate the greatest common factor of l and 336.
21
Let m = 63 - 41. Let z = -10 + m. Let n be (7 - -3) + -9 - (-1 + -2). Calculate the highest common factor of n and z.
4
Let s(w) = -w + 6. Let m = -1 + 4. Let g be s(m). Suppose 0 = g*z - z - 12. Calculate the greatest common factor of z and 6.
6
Let n(y) = -y**2 + 30*y - 49. Let h be n(24). What is the greatest common divisor of 10 and h?
5
Let u = 20 - 18. Suppose -2*n + u*m - 7 - 9 = 0, 0 = -2*n - 4*m - 4. Let d be 524/28 + n/(-21). Calculate the greatest common divisor of 152 and d.
19
Let c be 15/2*4/(-6) + 241. Calculate the greatest common divisor of c and 59.
59
Let v = -42 - -54. Let f = -17 + 21. What is the greatest common divisor of f and v?
4
Let a = -512 + 1095. What is the highest common factor of 53 and a?
53
Suppose -4*l = -0*l - 8. Let o be l*(15/(-6) - -3). Suppose 2*t + 3*t = 5. Calculate the highest common divisor of t and o.
1
Let v(d) = -6*d - 4. Let m be v(-4). Suppose -28 = -c + 3*q, 0*q + q - m = -c. Let z = 71 - 49. Calculate the highest common divisor of c and z.
22
Suppose n = -3*m + 136 + 20, 2*m - 644 = -4*n. Let a = 141 + -123. Calculate the highest common divisor of a and n.
18
Let r = -12 + 12. Let z(b) = 9*b. Let s be z(2). Suppose -g + 3*h + s = r, 4*h = g + 2*g - 64. What is the greatest common divisor of 6 and g?
6
Suppose -746 = -2*x - 5*w, 0*x + 4*w = x - 386. Suppose x = 12*q - 9*q. What is the highest common factor of 14 and q?
14
Let p = -28 - -76. Let w = p - 25. What is the greatest common factor of w and 161?
23
Let b(p) = -p**3 + p**2 - p - 32. Let m be b(0). Suppose 5*v + 32 = -58. Let r = v - m. What is the greatest common divisor of r and 140?
14
Suppose 448 = 3*f + 4*a, f - 150 = 2*a - 3*a. Suppose 22*s + 7*s = 551. What is the highest common factor of s and f?
19
Let u = 46 - 25. Let d(f) = f - 15. Let k be d(u). Calculate the highest common divisor of 6 and k.
6
Suppose 5*i - 10*i = -210. Let y = -40 + i. Calculate the highest common divisor of y and 5.
1
Let j(s) = -s**3 + 27*s**2 + 5*s + 41. Let v be j(27). What is the greatest common factor of v and 16?
16
Let z = -3 + 5. Suppose -z*n + 10 = -n. Let j(o) = -4*o - 6. Let p be j(-4). What is the greatest common divisor of p and n?
10
Suppose -f + 110 = -4*v, -2*v - 43 = -3*f + 17. Let m = -21 - v. What is the greatest common divisor of 24 and m?
6
Let d be 15/6*-1*-32. Let c = 261 - 221. Calculate the highest common divisor of d and c.
40
Suppose l + 2*l - 34 = -p, 4 = 4*p. Suppose j + 5*u - 95 = 0, 4*j - 76 = 3*u + 373. Suppose -w + j = 4*w. Calculate the greatest common divisor of w and l.
11
Suppose 351*n + 299 = 352*n. What is the highest common divisor of n and 69?
23
Let k be -2 - (-10 + 12 - (-1 - -4)). Let p be (-5244)/(-30) + k/(-5). What is the highest common factor of 50 and p?
25
Suppose -3*n + 3*w - 39 = 0, -w + 101 = -5*n - 5*w. Let g = 2 + n. Let t be 16/5*g/(-6). What is the highest common factor of 8 and t?
8
Let w(d) = d**2 - 27*d + 63. Let k be w(25). What is the greatest common divisor of k and 1?
1
Let p be (-46715)/(-105) + 28/294. What is the highest common factor of p and 267?
89
Let i be (-4)/(-6) - 56/(-24). Let h be ((-180)/50)/((9/(-140))/i). What is the highest common divisor of 21 and h?
21
Let s(o) be the first derivative of o**2 + 10*o - 8. Let n be s(-4). What is the greatest common factor of n and 14?
2
Let f(b) = -20*b**3 - 11*b - 10. Let w be f(-1). What is the greatest common divisor of 882 and w?
21
Suppose g = -5*x + 14 + 5, 4*g + 3*x = 25. Suppose 3*l + 2*l - 326 = -g*z, 4*l = -z + 76. Calculate the greatest common factor of 21 and z.
21
Suppose -g - 1 + 3 = -s, 4*g = -s + 18. Suppose 0 = -r + 4*o + 5, s*r - 19 = 3*o + 6. What is the highest common divisor of r and 170?
17
Let z(h) = -h - 1. Let i be z(-2). Let a be -8 - -5 - (-1 - i). Let t be ((-1)/(-2) + a)*-26. What is the highest common factor of t and 26?
13
Let b = 1102 - 1069. Calculate the greatest common divisor of 1056 and b.
33
Let n be -7 - (-2)/(8/412). Let k(z) = 7*z - 4. Let u be k(4). What is the highest common divisor of u and n?
24
Let s be (-8)/2*54/(-12). Let b = 50 - 23. Calculate the highest common divisor of b and s.
9
Let h be ((-8)/10)/(11/(-32725)). Calculate the greatest common factor of h and 20.
20
Let a = 1 + 10. Suppose 19 - 9 = 2*o. Suppose o*g + y - 223 = 2*y, 4*g + 5*y = 161. What is the greatest common divisor of g and a?
11
Let x be (40/16)/(1/34). Let s be 23 - (-9)/12*-8. Calculate the greatest common divisor of x and s.
17
Let b(n) = 37*n**2 - n - 1. Let k be b(-2). Let j(c) = -c - 7. Let h be j(-12). Suppose -h*x + k = 44. Calculate the highest common factor of x and 231.
21
Let d = 13 - 17. Let q = 4 - d. Suppose -128 = -3*y + 112. What is the greatest common divisor of q and y?
8
Suppose -2*q + 4*u = 13 - 77, -5*q - 5*u = -220. Calculate the highest common divisor of 5 and q.
5
Let j(m) = -m**2 - 8*m + 4. Let t be j(-5). What is the greatest common divisor of t and 323?
19
Let p be 2/(2 - 7/4). Suppose 45*i = 2520 - 720. What is the highest common divisor of p and i?
8
Suppose -6*s = 3*s + 468. Let w = 112 + s. Calculate the greatest common factor of w and 12.
12
Let b be 1/3*1*1302/14. Suppose 0 = -5*a + r + 615, -1 - 4 = -r. What is the greatest common factor of a and b?
31
Suppose -7 = -5*t + 18. Suppose -1024 = -3*f - t*f. Calculate the greatest common divisor of 32 and f.
32
Let g be 3/6 + (90/12 - 3). Calculate the greatest common divisor of 125 and g.
5
Let s(b) = -2*b**3 - 4*b**2 - 4. Let n = 14 + -17. Let l be s(n). Let u = 18 + l. Calculate the highest common divisor of 48 and u.
16
Suppose 3*j + v + 39 - 136 = 0, -2*v + 160 = 5*j. Let y be 1/((-4)/(-216)) - 3. What is the greatest common factor of j and y?
17
Suppose 14 = -46*v + 48*v. Let i = -24 - -48. Suppose -8*d = -v*d - i. Calculate the greatest common factor of d and 6.
6
Suppose z + 20 - 71 = 0. Suppose 2*r - 28 = -5*j, -3*j - 9 = -2*r + z. What is the greatest common factor of 216 and r?
24
Let m = 168 - 142. What is the greatest common factor of m and 286?
26
Let t = -196 - -215. What is the greatest common divisor of 57 and t?
19
Let q = 37 + 128. Calculate the highest common divi